.
2
Suppose j + 2*q = -2*q + 95, -3*j - 4*q = -269. What are the prime factors of j?
3, 29
List the prime factors of 2*(-1 - -2) + (-317)/(-1).
11, 29
Let t(k) = -k**2 + 11*k + 1. Let o be t(11). Suppose a = 4*b - 2, -3*a = 2*b + 7 - o. Suppose 0*q + q - 2 = b. What are the prime factors of q?
2
Let k(x) = x**2 - 3*x - 1. Let q be k(4). Suppose -9 + 36 = -q*u. Let j = 3 - u. List the prime factors of j.
2, 3
Let u be (-3)/6*2 - (10 + -2). Let w(p) = 0 - 7 + 7*p + 2*p**2 - p**2. List the prime factors of w(u).
11
Let f(b) = 8*b - 1. List the prime factors of f(1).
7
Let k(c) = -c**2 - 15*c - 5. List the prime factors of k(-14).
3
Suppose -4*p = -4*k - 6*p - 172, 147 = -3*k + 3*p. List the prime factors of 5 - 3 - k/3.
17
Let b(k) = -2*k - 4. Let d be b(7). Let m be (-24)/d*(-639)/2. List the prime factors of 4/18 - m/27.
2
Let w(b) = 0 + 1 + 4 - 6*b. Let r be w(-5). Suppose 4*i = 9*i - r. List the prime factors of i.
7
Let p(w) = 3*w**3 - 2*w**2 + 4*w - 3. List the prime factors of p(2).
3, 7
Let s be (-8)/(-10)*(14 + -9). Suppose 0 = -4*l - 4, -11 = -4*y + s*l + 25. Suppose 0 = -b + 7 + y. List the prime factors of b.
3, 5
Let q(s) = -4*s + 6. Let a(w) = 3*w - 7. Let o(u) = 3*a(u) + 2*q(u). Let h be o(6). List the prime factors of -3 + (-1 - h - -16).
3, 5
Let g(k) = -k**3 - 6*k**2 - 5*k + 2. Let d be g(-4). Let b(u) = u + 15. Let j be b(d). Let c = j + 5. What are the prime factors of c?
2, 5
Suppose 0 = 5*p - 15, -4*c - 4*p + 77 = -67. What are the prime factors of c?
3, 11
Let k(t) = -t + 7. List the prime factors of k(-10).
17
Let k = -4 + 4. Suppose 5*y + 1 + 9 = k. What are the prime factors of (3*-3)/(3/y)?
2, 3
Let m(h) = h**2 - 3*h - 3. Let f(c) = -c**2 + 4*c + 4. Let r be f(4). Let b be m(r). Suppose 4*l - 30 = -3*i + l, b = i - 2*l. List the prime factors of i.
7
Suppose 3*o - 45 = -3*w + 3, -20 = -4*o. List the prime factors of w.
11
Let f = 44 + -29. List the prime factors of f.
3, 5
Suppose f - 2 = 1. Let q(x) = -5*x - 6*x**3 - 12*x**f + x**2 + 3*x + 1 + 4*x. List the prime factors of q(-1).
2, 3
List the prime factors of ((-192)/80)/(6/(-20)).
2
List the prime factors of (0 - -1)/((-3)/(-129)).
43
What are the prime factors of (-58)/4*(0 + -2)?
29
Let i = 1 - -41. Suppose -4*z = -z - i. What are the prime factors of z?
2, 7
Let p(h) = h**2 + 4*h - 4. Let s be p(-5). Let x be 3/3 + s + 7. List the prime factors of (-21)/2*(-6)/x.
7
Let a = -7 - 1. Let y = a + 47. List the prime factors of y.
3, 13
Suppose 0 = 5*g - 0*g. Let y = g - 2. Let o = 4 + y. List the prime factors of o.
2
Let r(n) = n**3 - 7*n**2 + 4*n - 4. Suppose 10 = 5*s - 25. Let b be r(s). Suppose 0 = -5*y + 4*c + b, 2*y + 2*c - 24 = -0*y. What are the prime factors of y?
2
Let r = 0 + 5. Suppose -r*p = -3*h - 41, -25 = -4*p + 6*h - h. What are the prime factors of p?
2, 5
Let u(a) be the first derivative of a**4/4 - 3*a**3 + 5*a**2 - 5*a + 1. List the prime factors of u(8).
11
Suppose 5*h + 17 = 5*i - 193, 4*i + 2*h - 180 = 0. Suppose 5*j - 161 = i. What are the prime factors of j?
41
Let y be 3/(0 - 3/(-10)). Let o = y - -3. List the prime factors of o.
13
Let d = 5 + -5. Suppose d = 3*u - 2*g - 30, -u + g + 27 = 2*u. What are the prime factors of u?
2
Let a be 2/2 - 12/(-4). Suppose 12 = f - a. What are the prime factors of f?
2
Let p(m) = -m**3 + 12*m**2 - 5*m - 1. List the prime factors of p(11).
5, 13
Suppose -160 - 136 = -4*h. List the prime factors of h.
2, 37
Suppose 6 = -2*d + 2. List the prime factors of 6/(0 + d/(-4)).
2, 3
Let f(j) = j**3 + 9*j**2 - 2*j + 5. Let y(v) = -8*v**2 - 1. Let n be y(1). What are the prime factors of f(n)?
23
List the prime factors of 81/3 - -2 - 2.
3
Let k be (-1 + 12)/(2/4). Suppose 2*d = -h, 5*h = -3*d + 6 + k. Suppose 4 = s - h. What are the prime factors of s?
2, 3
List the prime factors of (-2)/6*(1 - -2)*-109.
109
Let q = 97 + -42. List the prime factors of q.
5, 11
Suppose -3*v + 5*o + 77 = 0, 118 = -0*v + 4*v + o. List the prime factors of v.
29
Suppose -4*x + 3 = -2*s - 5, 3*x - s - 7 = 0. What are the prime factors of (4/x)/((-2)/(-24))?
2
Let l be 2/2*-3 - -6. Suppose -3*h = -h - l*c - 68, 0 = -3*h - c + 113. List the prime factors of h.
37
What are the prime factors of (-3268)/(-24) - (11/(-6) - -2)?
2, 17
Let v(p) = p - 1. Suppose -1 = 2*w - 5, 3*w = o + 1. Let c be v(o). Suppose c*z - 3*u = 53, -17 - 54 = -5*z - u. List the prime factors of z.
2, 7
Suppose l = -0*l + 6. Let h(q) be the second derivative of q**5/20 - q**4/3 - 5*q**3/3 + 4*q**2 + q. List the prime factors of h(l).
2, 5
What are the prime factors of 980/21*12/10?
2, 7
Let h(k) = -k**3 - 2*k**2 + 2*k - 4. What are the prime factors of h(-4)?
2, 5
Suppose 5*z = x - 23 - 14, -4 = z. Suppose -4*g + 3 = -x. Suppose 5*w - g = -2*q + 50, 5*w = 2*q + 35. List the prime factors of w.
3
Suppose r + 1565 = 5*q, r + 1252 = -3*q + 7*q. What are the prime factors of q?
313
Let s = 214 + -178. What are the prime factors of s?
2, 3
Suppose q + 3*o + 3 = -0*q, 4*q - 4*o - 36 = 0. Suppose -4*a + y = -0 - 7, 4*a - 2*y - q = 0. What are the prime factors of a?
2
Let x(s) = 15*s**2 + 4*s - 7. List the prime factors of x(2).
61
Suppose 2*x - 21 = -5*n - 3, 5*n + x - 14 = 0. Suppose 5*m - 86 = 2*p, -n*m = 2*m + p - 74. List the prime factors of m.
2, 3
Suppose -10 = 5*j, -45 = -2*m + m + 2*j. List the prime factors of m.
41
Suppose -13 = -5*d - 68. Let y(r) = r. Let w be y(-3). Let h = w - d. What are the prime factors of h?
2
Suppose -201 - 124 = -5*t. List the prime factors of t.
5, 13
Suppose g = -4*g + 25. Suppose 2*u - g = 3*z, -4*u = u - 3*z - 17. What are the prime factors of u?
2
Let v(u) = u**3 - 8*u**2 + 10*u - 11. What are the prime factors of v(8)?
3, 23
Let x(t) = t**2 + 3*t - 7. Suppose 3*w - 2*f = -5*f + 9, 12 = 4*f. Suppose 4*y + w*y = 5*v + 46, -v - 4*y = -10. List the prime factors of x(v).
11
Let m be 2/20*6*5. Suppose -11 = -2*k - m*t, 0*k - 12 = 3*k - 5*t. What are the prime factors of (0 - 1)*k*-14?
2, 7
Suppose -15 = -3*n - 5*g - 6, 2*n = -3*g + 5. Let w be 185/(-20) + n/(-8). Let b = w + 18. What are the prime factors of b?
3
Let u(r) = -3*r**2 - r. Let v be u(-1). Let s(l) = -6*l + 1. What are the prime factors of s(v)?
13
Suppose 0 = 5*d - 4*a - 119, 2*d - 4*a = -0*d + 38. What are the prime factors of d?
3
List the prime factors of (197 + -5)/3 + -4.
2, 3, 5
Let a be (28/(-8))/(-7)*16. Suppose -r + a = -0. List the prime factors of r.
2
Let u(f) = -f - 3. Let d be u(-7). Suppose 3*z - d - 5 = 0. List the prime factors of z.
3
Let f(w) = 5*w**2 - 10*w - 1. Let j(s) = 9*s**2 - 19*s - 1. Let n(v) = 7*f(v) - 4*j(v). Let c be n(5). List the prime factors of 1/c - (-21)/6.
2
Let p be (-2)/7 - 89/7. Let c(n) = -14*n - 2. Let l be c(-2). Let u = p + l. What are the prime factors of u?
13
Let o = 96 - 24. List the prime factors of o.
2, 3
List the prime factors of (-1 + 0 - 0)*-102.
2, 3, 17
List the prime factors of (-4)/(-2)*(-157)/(-1).
2, 157
Let w = -58 + 84. Suppose -21 = -5*m + 4. Suppose -5*z = 4*v - 38, 4*v = 2*z - m*z + w. List the prime factors of z.
2, 3
Let g be -114*3/((-9)/(-2)). Let n be g/12 + 2/(-3). Let s(l) = -l**3 - 8*l**2 - 8*l - 3. List the prime factors of s(n).
2
Suppose 4*a + 1 = 9. Suppose -5*k = a*u - 16, u = -2*u - k + 24. What are the prime factors of u?
2
Let s(u) = -u**3 + 4*u**2 - u - 4. Let f be s(3). Suppose f*x = 4*x. Suppose -3*w + 33 = -x*w. List the prime factors of w.
11
Let v = -4 + 7. Suppose -u + 0*a + 11 = -a, 0 = -v*u - a + 37. List the prime factors of u.
2, 3
Let n(w) = -w**2 - 4*w + 3. Let p be n(-4). Suppose 2*x + p*x = 15. Suppose g = l + 4*l - 25, -7 = -x*l - g. List the prime factors of l.
2
Let d be (-4)/((-8)/6) + 1. Suppose -q - 5 = d*q. List the prime factors of 1 - q - (-3 - 2).
7
Let m be 102/(-8) + (-18)/(-24). Let b be (-12)/16*(m + 0). Let v = b - -2. List the prime factors of v.
11
What are the prime factors of (31 - (3 - 3)) + 0?
31
Let w(s) = -s**3 + 3*s**2 + 6*s - 8. Let k be w(4). Suppose -q - 2*q + 171 = k. What are the prime factors of q?
3, 19
Let a(u) be the first derivative of -u**4/4 + u**2 - 4*u - 5. List the prime factors of a(-4).
2, 13
Let h(l) = l**2 - 2*l + 1. Let y = 7 + -12. List the prime factors of h(y).
2, 3
Let v = -7 - 0. What are the prime factors of v/2*(-6 - -2)?
